se
Is 246218839 a prime number?
True
Is 1112604819 a composite number?
True
Is 2510903639 composite?
False
Is 150997429 a composite number?
True
Is 420957737357 a prime number?
False
Is 51159883 prime?
True
Is 346532341 a composite number?
False
Is 955307863 composite?
False
Is 687849605 a composite number?
True
Is 74107534577 prime?
True
Is 2448451167 a composite number?
True
Is 67811887807 a composite number?
False
Is 3092629973 a prime number?
True
Is 4192941373 prime?
True
Is 2337770713 composite?
True
Is 169031911 prime?
True
Is 70766561605 a prime number?
False
Is 184377344979 composite?
True
Is 7226012711 composite?
False
Is 119735537 composite?
True
Is 659076499 a prime number?
False
Is 35319609293 a composite number?
False
Is 26169288121 prime?
True
Is 382832927 prime?
True
Is 1155279533 a prime number?
True
Is 2156857387 prime?
True
Is 144484933 prime?
True
Is 8519948597 a composite number?
True
Is 2131437839 a composite number?
False
Is 7431283529 composite?
True
Is 57986579929 prime?
False
Is 277178323 a composite number?
False
Is 193255427 a prime number?
False
Is 1061315989 a prime number?
False
Is 13903040971 a composite number?
True
Is 73591591559 prime?
False
Is 95755682699 prime?
False
Is 52829525051 composite?
False
Is 1558418047 a prime number?
True
Is 4620461921 prime?
False
Is 1168062033 a prime number?
False
Is 37821109 prime?
False
Is 922265933 a composite number?
False
Is 4346237017 composite?
True
Is 103720187 prime?
True
Is 17486064619 a composite number?
True
Is 34999054361 a prime number?
True
Is 2022953539 a prime number?
False
Is 1445684633 prime?
False
Is 25078267843 a prime number?
False
Is 2043503851 composite?
False
Is 12785359031 prime?
False
Is 145389973 prime?
True
Is 2547497937 a prime number?
False
Is 281454608041 prime?
True
Is 1273032331 composite?
False
Is 2030537827 composite?
True
Is 11361895613 composite?
False
Is 4090066619 a prime number?
True
Is 26673851 composite?
False
Is 1692154249 composite?
False
Is 3229599469 prime?
True
Is 82077155939 a prime number?
False
Is 28109497243 a prime number?
True
Is 35591924041 a prime number?
False
Is 4116786413 prime?
True
Is 29591050741 composite?
True
Is 10002112853 prime?
False
Is 4831787137 prime?
False
Is 32599421461 a prime number?
False
Is 1872314461 composite?
False
Is 23176124441 composite?
True
Is 67880017 composite?
False
Is 74355393187 composite?
False
Is 33432572023 prime?
False
Is 1386888751 composite?
True
Is 53574801971 composite?
False
Is 79744363 a prime number?
True
Is 2049962039 prime?
False
Is 1604878189 prime?
False
Is 170126532679 prime?
True
Is 151904497 composite?
True
Is 83881393 a prime number?
True
Is 317485153 composite?
False
Is 21660865291 a composite number?
True
Is 9313217 a prime number?
True
Is 12836986529 prime?
False
Is 9781717481 prime?
False
Is 780134417 composite?
False
Is 70311489559 a prime number?
True
Is 17876796347 a prime number?
True
Is 1279859897 a composite number?
True
Is 968850643 a prime number?
False
Is 2957543627 prime?
False
Is 4050294419 a prime number?
False
Is 7296962399 composite?
False
Is 1251886099 a composite number?
True
Is 4791181951 prime?
False
Is 26906406089 prime?
False
Is 3414173041 a prime number?
True
Is 9621139123 a composite number?
True
Is 3481100611 composite?
False
Is 405541091 a prime number?
True
Is 2629683263 composite?
True
Is 209242093 a composite number?
False
Is 4478900771 a prime number?
True
Is 51984177187 composite?
False
Is 36823650623 a composite number?
False
Is 21457208473 prime?
True
Is 28017926161 a prime number?
True
Is 7916384737 a prime number?
True
Is 3309672671 a composite number?
False
Is 57564748139 a composite number?
True
Is 13962543949 composite?
False
Is 682931749 a prime number?
True
Is 357827915293 a prime number?
False
Is 15801269657 a composite number?
False
Is 3537699223 a prime number?
True
Is 597803179 a prime number?
True
Is 1495259917 a prime number?
True
Is 1815006593 composite?
True
Is 95765619839 a composite number?
True
Is 5293997633 a prime number?
True
Is 1545574553 prime?
True
Is 451299863 a prime number?
False
Is 5399938043 a composite number?
False
Is 3526267363 prime?
True
Is 18457807439 a prime number?
True
Is 2244208957 prime?
False
Is 50403360169 composite?
False
Is 937582201 composite?
False
Is 460833929 prime?
True
Is 23388796429 composite?
True
Is 105000737 a prime number?
False
Is 627558479 prime?
True
Is 19063179983 composite?
True
Is 347485799 a prime number?
False
Is 96407187719 composite?
False
Is 483031111 prime?
False
Is 19060293349 prime?
False
Is 1437355243 composite?
True
Is 14102699203 composite?
False
Is 4633562939 prime?
True
Is 49003570717 prime?
True
Is 229860662287 a prime number?
True
Is 31086406231 prime?
True
Is 158114261 prime?
True
Is 14568759973 a prime number?
True
Is 154601690935 a composite number?
True
Is 2315009407 composite?
True
Is 11673167489 composite?
True
Is 4853897117 composite?
True
Is 16235534053 a prime number?
True
Is 52444033967 a prime number?
False
Is 3250509413 a composite number?
True
Is 2412021203 composite?
False
Is 148627015 prime?
False
Is 6078708497 composite?
True
Is 1071010483 prime?
False
Is 758206297 prime?
True
Is 729478249 a prime number?
False
Is 2517132427 prime?
True
Is 7664359193 a prime number?
False
Is 2024293897 a composite number?
True
Is 43475486746 composite?
True
Is 10080863999 a prime number?
True
Is 118755053 a prime number?
True
Is 30969475897 a prime number?
True
Is 46460881409 a prime number?
True
Is 163705103297 a composite number?
False
Is 34333015019 composite?
False
Is 17474068615 composite?
True
Is 1945274483 a prime number?
False
Is 70398015011 a composite number?
True
Is 4353457831 a prime number?
True
Is 559338491 a composite number?
True
Is 3576236479 composite?
True
Is 341994903 prime?
False
Is 298689161 composite?
False
Is 3883739533 prime?
True
Is 157539475429 prime?
False
Is 4137282379 composite?
True
Is 293117387 composite?
False
Is 2885007751 a prime number?
True
Is 4769917931 a prime number?
False
Is 12153866033 composite?
True
Is 8882093599 a composite number?
False
Is 123214664143 composite?
True
Is 140470903 a composite number?
False
Is 6612922559 composite?
False
Is 1038974803 a prime number?
True
Is 321284371 prime?
True
Is 4197768611 a prime number?
False
Is 819077087 a composite number?
True
Is 891309521 a composite number?
True
Is 235363489 prime?
True
Is 54426388889 composite?
False
Is 705768907 a composite number?
True
Is 17736276869 a composite number?
True
Is 510783529 prime?
False
Is 518010646651 prime?
True
Is 28279698193 a composite number?
True
Is 28639347599 a prime number?
False
Is 3245884003 composite?
False
Is 302025127 a composite number?
False
Is 46666828319 composite?
False
Is 785980309 prime?
True
Is 132633291227 a prime number?
True
Is 1294230199 a composite number?
True
Is 2015297013 prime?
False
Is 31555380767 composite?
True
Is 75217062561 prime?
False
Is 15748887587 composite?
False
Is 4213814651 composite?
True
Is 1392203371 composite?
True
Is 105003887 a composite number?
False
Is 41005423 a composite number?
False
Is 23465191 composite?
False
Is 59359199 a prime number?
True
Is 9630981841 prime?
False
Is 4605725653 a prime number?
True
Is 9752586427 a prime number?
False
Is 2649683347 prime?
False
Is 8415197459 prime?
False
Is 300508073 prime?
True
Is 22322209087 composite?
False
Is 20616950545 prime?
False
Is 594896923 a prime number?
False
Is 3648636887 a prime number?
False
Is 21212004283 prime?
True
Is 21258927421 a composite number?
True
Is 4191949603 prime?
True
Is 2584547957 prime?
False
Is 22173715093 prime?
False
Is 47937795541 a composite number?
True
Is 939306191 a composite number?
False
Is 16819698143 prime?
False
Is 373500971 prime?
False
Is 198140293 composite?
True
Is 25690709 composite?
True
Is 57121253701 composite?
False
Is 4961444651 a composite number?
True
Is 290383081981 prime?
True
Is 21110283521 a prime number?
True
Is 949539727 prime?
False
Is 16180360877 a composite number?
False
Is 48697702301 prime?
False
Is 104874251 composite?
True
Is 36317271587 a composite number?
True
Is 282387591839 composite?
True
Is 9243366901 a prime number?
False
Is 76461642029 composite?
True
Is 4357538837